ghest common divisor of 949 and 13?
13
What is the highest common factor of 92 and 92?
92
What is the highest common divisor of 21468 and 12?
12
What is the highest common factor of 170 and 70?
10
What is the highest common divisor of 44783 and 38?
19
What is the highest common factor of 13 and 1027?
13
Calculate the greatest common divisor of 110 and 1826.
22
Calculate the highest common factor of 256 and 432.
16
What is the highest common factor of 2513 and 7?
7
Calculate the highest common divisor of 576 and 198.
18
What is the greatest common factor of 119 and 1938?
17
What is the greatest common divisor of 74 and 370?
74
Calculate the highest common factor of 187 and 17.
17
What is the greatest common divisor of 2 and 1?
1
Calculate the highest common factor of 115 and 95.
5
Calculate the highest common factor of 44 and 176.
44
What is the greatest common factor of 1014 and 12?
6
Calculate the greatest common divisor of 103 and 11227.
103
Calculate the highest common divisor of 57 and 3515.
19
What is the greatest common divisor of 25 and 108475?
25
Calculate the highest common factor of 2852 and 92.
92
Calculate the greatest common divisor of 256 and 928.
32
What is the highest common divisor of 425 and 17?
17
What is the greatest common factor of 1602 and 3026?
178
What is the highest common divisor of 30 and 330?
30
Calculate the greatest common factor of 18 and 558.
18
Calculate the highest common factor of 817 and 209.
19
Calculate the greatest common factor of 8 and 10.
2
What is the greatest common divisor of 50 and 410?
10
Calculate the greatest common factor of 8507 and 423.
47
Calculate the highest common factor of 174 and 166.
2
Calculate the highest common factor of 48 and 3684.
12
What is the highest common divisor of 26519 and 23?
23
What is the greatest common divisor of 276 and 38272?
92
What is the greatest common factor of 18 and 6978?
6
What is the highest common factor of 3078 and 1377?
81
What is the greatest common factor of 1300 and 715?
65
Calculate the highest common factor of 28 and 13363.
7
Calculate the highest common divisor of 22 and 23881.
11
What is the highest common factor of 88 and 24112?
88
Calculate the highest common divisor of 18 and 603.
9
Calculate the highest common factor of 468 and 24.
12
Calculate the greatest common divisor of 2900 and 435.
145
Calculate the greatest common factor of 578 and 34.
34
Calculate the highest common factor of 352 and 616.
88
What is the greatest common factor of 1509 and 15?
3
What is the greatest common factor of 9 and 6534?
9
What is the highest common factor of 70 and 245?
35
What is the highest common factor of 119 and 595?
119
What is the highest common divisor of 391 and 51?
17
What is the highest common divisor of 18 and 174?
6
Calculate the highest common factor of 406 and 116.
58
What is the greatest common factor of 1092 and 42?
42
What is the highest common divisor of 28 and 378?
14
Calculate the greatest common divisor of 6630 and 6.
6
What is the greatest common factor of 153 and 78948?
153
What is the highest common divisor of 366 and 3904?
122
Calculate the highest common divisor of 58 and 464.
58
Calculate the greatest common factor of 429 and 286.
143
Calculate the highest common divisor of 5160 and 240.
120
Calculate the highest common divisor of 160 and 88.
8
Calculate the highest common divisor of 31844 and 76.
76
What is the highest common factor of 12 and 2013?
3
Calculate the highest common factor of 1032 and 11610.
258
Calculate the highest common factor of 1194 and 42.
6
Calculate the highest common factor of 39 and 195.
39
Calculate the highest common divisor of 132 and 858.
66
What is the highest common factor of 148 and 12?
4
What is the highest common factor of 68 and 714?
34
Calculate the highest common divisor of 195 and 260.
65
Calculate the greatest common divisor of 22 and 4576.
22
What is the greatest common divisor of 120 and 440?
40
What is the highest common divisor of 779 and 3?
1
Calculate the greatest common divisor of 404 and 1919.
101
Calculate the greatest common factor of 10624 and 448.
64
What is the highest common divisor of 1386 and 360?
18
Calculate the greatest common factor of 6 and 7.
1
What is the highest common factor of 77 and 143?
11
Calculate the greatest common divisor of 75 and 1725.
75
Calculate the highest common factor of 97 and 5.
1
Calculate the greatest common divisor of 45 and 5325.
15
Calculate the greatest common divisor of 156 and 39.
39
What is the highest common factor of 118 and 19234?
118
What is the highest common divisor of 624 and 195?
39
Calculate the greatest common factor of 875 and 7.
7
Calculate the highest common factor of 3283 and 871.
67
What is the highest common factor of 1029 and 14?
7
Calculate the greatest common divisor of 1035 and 1260.
45
Calculate the highest common divisor of 70 and 42.
14
Calculate the greatest common factor of 1007 and 689.
53
What is the highest common factor of 38 and 95?
19
Calculate the greatest common divisor of 2 and 4.
2
What is the greatest common factor of 1063 and 2?
1
What is the greatest common divisor of 2603 and 19?
19
Calculate the highest common divisor of 529 and 644.
23
What is the highest common divisor of 34 and 493?
17
Calculate the highest common factor of 28 and 350.
14
Calculate the highest common divisor of 81 and 3.
3
What is the greatest common divisor of 28 and 35?
7
What is the greatest common divisor of 585 and 754?
13
Calculate the greatest common divisor of 13 and 8983.
13
What is the highest common divisor of 77 and 2453?
11
Calculate the highest common divisor of 290 and 174.
58
What is the highest common factor of 4 and 13852?
4
What is the greatest common factor of 40 and 64?
8
Calculate the highest common factor of 105 and 42.
21
What is the greatest common factor of 40 and 720?
40
Calculate the greatest common factor of 2499 and 336.
21
What is the highest common factor of 224 and 532?
28
Calculate the highest common factor of 589 and 93.
31
What is the greatest common factor of 1175 and 100?
25
Calculate the highest common divisor of 22 and 22.
22
What is the greatest common divisor of 72 and 1620?
36
Calculate the greatest common factor of 1092 and 4212.
156
What is the highest common divisor of 12 and 6366?
6
Calculate the greatest common divisor of 321 and 6099.
321
Calculate the highest common factor of 21 and 112.
7
Calculate the greatest common factor of 8 and 76.
4
What is the highest common factor of 428 and 28?
4
Calculate the highest common divisor of 11 and 4675.
11
Calculate the highest common factor of 529 and 207.
23
Calculate the highest common divisor of 154 and 8.
2
What is the greatest common factor of 116 and 4118?
58
Calculate the greatest common divisor of 735 and 210.
105
Calculate the highest common divisor of 39 and 273.
39
What is the highest common factor of 221 and 26?
13
Calculate the highest common divisor of 441 and 27.
9
What is the highest common divisor of 32931 and 9?
9
What is the greatest common factor of 77 and 95788?
77
What is the highest common factor of 435 and 33640?
145
Calculate the highest common factor of 104 and 598.
26
What is the greatest common divisor of 308 and 484?
44
Calculate the highest common divisor of 28 and 2512.
4
Calculate the greatest common factor of 116 and 406.
58
Calculate the highest common divisor of 190 and 494.
38
What is the greatest common factor of 49520 and 160?
80
Calculate the greatest common factor of 5118 and 12.
6
Calculate the highest common factor of 14155 and 95.
95
What is the highest common divisor of 91 and 221?
13
What is the highest common factor of 24 and 28?
4
What is the greatest common factor of 84 and 720?
12
What is the greatest common factor of 22 and 26?
2
Calculate the greatest common factor of 351 and 1833.
39
What is the highest common factor of 224 and 96?
32
Calculate the greatest common factor of 399 and 357.
21
What is the highest common factor of 2537 and 43?
43
What is the greatest common factor of 192 and 9312?
96
What is the highest common divisor of 4 and 652?
4
Calculate the highest common factor of 7163 and 4199.
247
Calculate the greatest common divisor of 2840 and 80.
40
What is the greatest common div